-14400030
Convert 11727d (base 14) to base 3.
1010021111021
Convert 1001222110 (base 3) to base 5.
1134001
Convert 40122100 (base 5) to base 13.
b1482
What is -101101110100000001010 (base 2) in base 3?
-2211021020210
What is -1a31e (base 16) in base 15?
-21bce
2302244 (base 6) to base 8
344664
110100100010011100 (base 2) to base 3
101221012020
Convert 183275 (base 10) to base 7.
1362221
Convert 137222 (base 15) to base 9.
1675055
-14a7 (base 13) to base 4
-233002
What is -650721 (base 8) in base 10?
-217553
Convert 1100100110001111100 (base 2) to base 7.
3336326
56c16 (base 16) to base 6
11341050
Convert 30a2b2 (base 13) to base 15.
176a57
What is 5405544 (base 9) in base 6?
142034151
2817d (base 14) to base 4
120030103
-1022000112 (base 4) to base 6
-10255210
-1001010010011010100101 (base 2) to base 4
-21102122211
1427135 (base 8) to base 10
405085
1d343d (base 14) to base 13
2a831b
-10101001010001000 (base 2) to base 5
-10233124
-13421430 (base 8) to base 6
-144450200
What is 61411 (base 14) in base 16?
39237
What is -43424432 (base 5) in base 16?
-5b3ee
What is -6563702 (base 8) in base 6?
-101443134
434453 (base 7) to base 13
287c0
Convert -189693 (base 11) to base 6.
-10123054
32426 (base 15) to base 13
5781c
What is -1001001001111000000 (base 2) in base 8?
-1111700
What is dc40 (base 15) in base 5?
2443020
48c90 (base 15) to base 11
149614
What is 331333203 (base 4) in base 14?
68775
-380664 (base 9) to base 3
-102200202011
Convert 43300245 (base 6) to base 7.
13622636
-561157 (base 11) to base 12
-371873
1640317 (base 8) to base 5
110202333
What is -34040665 (base 7) in base 16?
-2d0802
What is a975176 (base 11) in base 8?
111415257
Convert 20203200 (base 5) to base 3.
22021111021
What is -12640d2 (base 14) in base 8?
-41576770
What is -604164 (base 8) in base 16?
-30874
What is 101000001110010101000 (base 2) in base 12?
536920
What is -1222220121111 (base 3) in base 13?
-2b1cc2
-5071120 (base 8) to base 16
-147250
-2126040 (base 7) to base 4
-333032301
105215002 (base 6) to base 7
22261142
Convert -251d2 (base 16) to base 5.
-14331033
Convert -881716 (base 10) to base 4.
-3113100310
What is d9838d (base 14) in base 2?
11100000100111001111001
Convert 1656a7 (base 15) to base 14.
2021c7
-10076 (base 8) to base 4
-1000332
-121549 (base 12) to base 2
-1000111011111001001
Convert 92456 (base 14) to base 16.
55f5c
What is -aa7a0 (base 16) in base 4?
-2222132200
-11a0bb (base 13) to base 5
-102000403
What is 14437526 (base 9) in base 16?
6d6860
What is 32231 (base 7) in base 5?
224014
-4502212 (base 9) to base 13
-66a91c
What is -558520 (base 9) in base 7?
-2561436
Convert -252510133 (base 6) to base 14.
-914d73
Convert 286348 (base 11) to base 3.
211202000221
10250422 (base 6) to base 15
5e7bb
-136b61 (base 16) to base 3
-2101122210001
1101001110011010110110 (base 2) to base 9
6463658
Convert -767329 (base 15) to base 12.
-1a82056
Convert 1101111011011111000110 (base 2) to base 14.
6b0a34
Convert 101522402 (base 6) to base 16.
1afb82
Convert 13373662 (base 8) to base 15.
3e7905
-12175 (base 9) to base 2
-1111111101000
-144091 (base 10) to base 13
-5077c
Convert -132131120 (base 4) to base 5.
-12443020
Convert -5088571 (base 10) to base 5.
-2300313241
What is -3400224010 (base 5) in base 3?
-111222110212202
-1a0894 (base 11) to base 12
-12a670
407440 (base 11) to base 4
2133223201
Convert 1331431020 (base 5) to base 11.
1a05653
Convert 656317 (base 9) to base 12.
16a844
1003332132 (base 4) to base 5
32402210
Convert -952b07 (base 14) to base 9.
-10431703
What is -6d61a (base 14) in base 16?
-41468
521046 (base 8) to base 11
108733
34020323 (base 5) to base 14
7a96d
Convert 2422111 (base 5) to base 2.
1011000011100001
-12df22 (base 16) to base 6
-42301442
What is 230033123 (base 4) in base 8?
541733
What is -2ecc5 (base 15) in base 16?
-24f59
What is e525 (base 16) in base 8?
162445
-101111010001001110101010 (base 2) to base 11
-6aa3883
Convert -4774234 (base 10) to base 3.
-22222120000111
What is -20c13 (base 15) in base 12?
-50200
What is 641919 (base 10) in base 12?
26b593
What is -30341411 (base 5) in base 8?
-741321
Convert -316516 (base 7) to base 10.
-55138
-79c235 (base 15) to base 2
-10110001011000000011010
Convert 52574031 (base 8) to base 9.
23066772
-10543235 (base 6) to base 7
-2521526
-a71775 (base 14) to base 7
-66015205
Convert 2688042 (base 12) to base 6.
431504122
-34c3b4c (base 13) to base 8
-76174655
-148a7b0 (base 14) to base 10
-10017126
What is -313234 (base 10) in base 6?
-10414054
Convert 355d51 (base 14) to base 5.
431300031
Convert -11553212 (base 6) to base 9.
-627188
What is -101100111011001100100100 (base 2) in base 9?
-24138657
What is 110010100110001 (base 2) in base 13?
ba39
442586 (base 10) to base 8
1540332
Convert 103283 (base 12) to base 14.
689d9
Convert 11340610 (base 7) to base 14.
1c0db0
-137727 (base 9) to base 15
-1a037
-138271 (base 13) to base 8
-1637546
Convert 330320301 (base 4) to base 13.
89691
Convert 880b6 (base 12) to base 8.
537212
What is 434652 (base 10) in base 7?
3460131
Convert 2102110112110 (base 3) to base 5.
312213113
What is -140a098 (base 12) in base 10?
-3998708
What is -101101100001011100 (base 2) in base 16?
-2d85c
Convert -576b3 (base 16) to base 11.
-225026
-d1c03 (base 14) to base 3
-221122001110
2234114 (base 5) to base 15
bc59
What is 105011 (base 6) in base 11?
6728
What is -440122 (base 9) in base 12?
-107b25
Convert -5688594 (base 10) to base 11.
-3235a1a
-211036056 (base 7) to base 12
-421a340
-11011111110011011111 (base 2) to base 13
-261338
What is -2410001 (base 5) in base 10?
-44376
What is 220011021002 (base 3) in base 7?
4020203
Convert -1803a5 (base 15) to base 3.
-2012012100202
Convert 115543434 (base 6) to base 10.
2237710
-82098 (base 11) to base 6
-2323025
2a1a144 (base 13) to base 3
221020200002012
74970 (base 14) to base 15
58735
What is -1019613 (base 10) in base 13?
-29912a
10252043 (base 6) to base 8
1116533
Convert 2300160 (base 7) to base 10.
285810
What is -1416aa (base 16) in base 6?
-44115002
Convert -35464306 (base 8) to base 9.
-15536730
What is 3a451b (base 13) in base 8?
5300172
Convert -15040534 (base 8) to base 2.
-1101000100000101011100
-223023 (base 9) to base 11
-91279
-791b (base 16) to base 6
-355311
Convert 536666 (base 7) to base 16.
16dc6
Convert 2012221411 (base 5) to base 16.
3d643c
25379 (base 11) to base 16
8e22
-d87331 (base 14) to base 8
-33726537
Convert -10010001111001001100 (base 2) to base 6.
-20450324
What is -206436 (base 7) in base 10?
-35895
4201431 (base 7) to base 12
204143
What is -130233343 (base 5) in base 14?
-126c90
Convert 1c4c1a (base 15) to base 10.
1383100
What is -100000111011011000 (base 2) in base 3?
-20212000021
-110011000110100100 (base 2) to base 13
-74373
What is 341466 (base 7) in base 9?
102126
Convert 201021110000 (base 3) to base 9.
637400
What is -908873 (base 10) in base 13?
-25a8c4
What is 13816404 (base 9) in base 5?
3224022242
22131223133 (base 4) to base 13
7506a7
What is 33552004 (base 6) in base 14?
1c9a72
-2534143 (base 7) to base 14
-8775a
Convert 24612631 (base 7) to base 11.
1288404
Convert -20741522 (base 8) to base 10.
-4440914
-12150502 (base 6) to base 10
-387686
What is 12ab783 (base 14) in base 5?
4302133030
30313210112 (base 4) to base 2
1100110111100100010110
What is -56745176 (base 8) in base 10?
-12307070
Convert -15122355 (base 6) to base 14.
-d903d
Convert e55b (base 15) to base 2.
1011110101001101
Convert -4455634 (base 7) to base 6.
-15454531
What is 10000 (base 14) in base 4?
21120100
-21001111301 (base 4) to base 3
-11110010212122
-314450343 (base 6) to base 13
-11c1075
1727367 (base 9) to base 14
1b10c1
Convert -66598 (base 10) to base 9.
-111317
Convert 40449 (base 11) to base 8.
163335
Convert 56f0bf (base 16) to base 11.
3241872
6334610 (base 8) to base 14
31c572
What is 412198 (base 10) in base 12?
17a65a
101021001210 (base 3) to base 16
314fd
What is -20210022011 (base 3) in base 15?
-298d7
What is -101113000 (base 4) in base 2?
-10001010111000000
Convert 62f8 (base 16) to base 13.
b6bc
What is -2d0d0 (base 15) in base 5?
-14122240
What is -13443130 (base 6) in base 11?
-2922a9
What is -31503054 (base 6) in base 16?
-e214a
Convert 230179 (base 14) to base 4.
102